= 62 - r. Suppose -5*o = -t - 25, 5*o - v = 3*t - 1. Calculate the highest common factor of 5 and o.
5
Suppose 0 = p - 2*k - 231, 5*p - 3*k = k + 1149. Let u = 421 - p. What is the highest common factor of 24 and u?
24
Let h = 5 + 1. Suppose 2*k + v + 74 + 64 = 0, 5*k = -5*v - 355. Let i = -37 - k. What is the greatest common divisor of i and h?
6
Let j = -3 - -16. What is the highest common divisor of 52 and j?
13
Let c(x) = -2*x**2 - 1 + 3 - 18*x**3 + 17*x**3 + x. Let l be c(-2). Let o = l + 4. What is the greatest common factor of o and 4?
4
Let t = 118 + -23. Suppose -32 = 4*p - 108. What is the greatest common factor of t and p?
19
Let k(z) be the first derivative of z**3/3 - z**2/2 - z + 2. Let v be k(-7). Suppose 25 = r + 20. Calculate the highest common factor of r and v.
5
Suppose d = 2 + 7. What is the greatest common factor of d and 99?
9
Let n(b) = -6*b - 6. Let a be n(-7). What is the greatest common divisor of 4 and a?
4
Let d(i) = i**3 + 24*i**2 - 25*i + 15. Let u be d(-25). What is the greatest common factor of u and 15?
15
Let c be -44*(3/2 + -1). Let o = c - -139. Calculate the greatest common factor of 13 and o.
13
Let o = -344 + 578. Calculate the highest common factor of o and 26.
26
Suppose c - 1 = 4. Let f(a) be the third derivative of a**5/60 - a**4/8 + a**3 + 2*a**2. Let m be f(c). Calculate the greatest common divisor of 16 and m.
16
Suppose 3*u + 64 = 5*u. Suppose 3*a = u + 28. What is the greatest common divisor of a and 220?
20
Suppose 5*m + 4*a - 382 = 3*a, m - 68 = -3*a. Suppose -u - 14 + 40 = 5*b, -2*u + 2*b = -16. What is the highest common divisor of m and u?
11
Let u = -2 + 2. Let m be 1/(1/30) - u. Calculate the greatest common factor of 6 and m.
6
Suppose -4*k - 7 = -0*k + 3*n, 5*k - 35 = 5*n. Let q = -2 - -6. Suppose -k*f = -q*f + 36. Calculate the highest common divisor of f and 27.
9
Let w(o) = 2*o + 12. Let h(g) = -g. Let s(q) = h(q) + w(q). Let k = 14 + -23. Let v be s(k). What is the greatest common divisor of v and 21?
3
Let r = 1 - 0. Suppose 0 = s - r. Let u be 0 + s + (13 - 4). Calculate the greatest common factor of 2 and u.
2
Suppose -15*n = -18*n + 180. What is the highest common factor of 150 and n?
30
Let q(j) = -j**2 - 8*j + 3. Let f be q(-6). Suppose -4*p = 34 - 154. Let d be 11*-4*p/(-8). What is the highest common factor of f and d?
15
Suppose 0*t - 2 = -t. Let w(i) = -t - 8 + 3 + 3*i. Let g be w(5). What is the greatest common divisor of 16 and g?
8
Let w = 53 - 8. Suppose 4*j - 8*j + 20 = 0. Calculate the highest common factor of j and w.
5
Suppose -12 = -3*r + 2*r. Suppose -3*b = 2*b - 15. Calculate the highest common factor of b and r.
3
Suppose 84 = 7*u - u. Suppose 5*s = -v + 5*v - u, 5*v - s - 28 = 0. Calculate the highest common divisor of 30 and v.
6
Suppose 4*u = 2*u + 88. Let h be (-2)/11 - (-96)/u. Suppose -h*w = -w - 4*f - 114, w = -f + 94. What is the highest common factor of 14 and w?
14
Let m(z) = z**3 + 10*z**2 + 7*z - 3. Let g be m(-6). Calculate the highest common factor of g and 11.
11
Suppose 3*x - 20 = 1. Let h(j) = -j + 11. Let o be h(x). Suppose 5*q + 156 = o*l + 3*q, -2*q = l - 34. What is the highest common factor of l and 19?
19
Suppose -2*b = -3*q - 2*q + 78, 5*q = 0. Let w = b - -95. Suppose o + 4*s + 62 = 6*o, 5*o - 66 = 2*s. What is the highest common divisor of o and w?
14
Suppose 96 = 3*z + 18. What is the greatest common factor of 26 and z?
26
Suppose -9 = -3*q - x, -4*q - 2*x = -16 + 4. Suppose z = q*z - 3*n - 33, -n = 2*z - 21. Suppose 114 = t + 6. Calculate the greatest common factor of t and z.
12
Let r = 67 + -49. What is the greatest common divisor of r and 45?
9
Suppose 0 = 4*r - x + 13, 2*r + x + 9 = 4*x. Let j be r/3 + -2 + 38. What is the highest common divisor of 5 and j?
5
Suppose -8 = 5*d - 13. Let c = d - -21. What is the greatest common factor of c and 11?
11
Let v(l) = 262*l + 2. Let o be v(3). Let i(k) = -47*k - 5. Let a be i(-4). Suppose -5*u + o = a. Calculate the highest common factor of u and 11.
11
Let g be (15 - 7)*(-2)/(-4). Let i be (3 - g) + 179 + 2. Calculate the highest common divisor of i and 20.
20
Let v = -28 - -34. Suppose 7*i + 279 = 2*i + 2*m, -2*m - 120 = 2*i. Let t = -39 - i. What is the highest common divisor of t and v?
6
Suppose 2*w = 2 + 6. Let y(c) = 3*c**2 - 16*c + 44. Let z be y(4). Calculate the highest common divisor of z and w.
4
Suppose -z + 0 = -1. Let j be (-2)/(-2) - (-3)/z. Let f = 117 + -73. Calculate the greatest common divisor of j and f.
4
Let v(j) = 2*j**2 - 4*j + 3. Suppose 2*r + 0*r = 0. Suppose r = -0*b + 5*b - 30. Let o be v(b). Calculate the highest common divisor of 17 and o.
17
Suppose -o = -6 + 3. Suppose 0 = o*p - 190 - 53. Let q = -21 + 30. What is the greatest common divisor of p and q?
9
Let m(k) = k**2 + 6*k - 18. Let r = 28 - 16. Let n be m(r). What is the highest common factor of n and 18?
18
Let l be (5/(-2))/(2/(-8)). What is the highest common factor of l and 10?
10
Suppose -5*b + 456 = 3*d + 131, 5*b + d - 325 = 0. What is the greatest common divisor of b and 26?
13
Suppose f - 105 = -3*f + 5*r, 0 = -3*f - 2*r + 50. Suppose 114 + 66 = 3*c. What is the greatest common factor of c and f?
20
Let m(z) be the second derivative of z**4/6 + z**3/2 - 3*z**2 - 2*z. Suppose 0 = -5*x + 12 - 42. Let w be m(x). What is the highest common factor of 32 and w?
16
Let y be 424/52 + 18/(-117). What is the greatest common divisor of y and 20?
4
Suppose -4*r - 4 = -3*v, -5 = 6*r - r. Let d = v + 2. Let b be -1*d + 3 - -54. What is the greatest common divisor of 11 and b?
11
Let k(n) = 6 - 16*n - 10 - 4. Let z be k(-14). What is the highest common divisor of 27 and z?
27
Suppose 18 = -4*y + 130. Suppose 3*s - y = s. Calculate the highest common factor of s and 112.
14
Let h(g) = -g**3 + 20*g**2 - 15*g - 66. Let y be h(19). Let w = -10 + 120. Calculate the greatest common divisor of w and y.
10
Suppose -2*d - 5*l + 41 = 0, 5*d = 3*l - l + 30. Calculate the highest common factor of d and 56.
8
Let i be 6/(-4 - 46/(-11)). What is the highest common factor of i and 132?
33
Suppose 4*u = 5*u + 19. Let r = u + 29. What is the greatest common divisor of r and 15?
5
Suppose -7*o - 6 = -10*o. Suppose f + 4*f = 10. What is the highest common factor of o and f?
2
Let s(y) = y**2 + 2*y - 3. Let o be s(-3). Let l be (1 + -2)*(o + -11). What is the greatest common factor of l and 44?
11
Suppose 32 = 11*r - 7*r. What is the highest common divisor of 24 and r?
8
Suppose 27 = 6*q - 93. Calculate the highest common divisor of q and 160.
20
Suppose -2*c + 5 + 5 = 0. Calculate the greatest common divisor of c and 55.
5
Let b be 2 + 1/((-2)/(-196)). Suppose 2 = -2*l + b. Calculate the greatest common factor of l and 7.
7
Suppose -75 = -3*l - 2*l. Let s be 1/(-4) - (-100)/16. What is the greatest common factor of s and l?
3
Let j be (-6)/4 + 90/20. Suppose -4*l + 4*k = -432, -4*l + 0*k - j*k + 432 = 0. What is the greatest common divisor of 12 and l?
12
Let t = -4 - -6. Suppose t*q = -q + 36. What is the greatest common factor of 24 and q?
12
Suppose 4*w = 2*j - 76, j - 6*w + w = 29. Suppose h - j = -3*h. What is the highest common divisor of h and 99?
11
Suppose -8 - 94 = -2*w. What is the greatest common divisor of w and 17?
17
Let p = 21 - 10. What is the greatest common divisor of 11 and p?
11
Let j(m) = m**2 - 10*m + 33. Let x be j(10). Calculate the greatest common divisor of 3 and x.
3
Suppose -2*n = 5*b - 831, -5*b = -b - 3*n - 651. Suppose -r + 0 - 62 = -4*c, -5*c + 71 = 2*r. What is the highest common divisor of c and b?
15
Suppose -u - 19 = 5*x, -4*x - 3*u - 2*u - 32 = 0. Let j(k) = k**2 + 2*k. Let t be j(x). Let p be (-2)/4 - t/(-2). What is the highest common divisor of p and 4?
1
Let o be (1/(-1))/((-5)/30). Calculate the greatest common factor of 6 and o.
6
Suppose -4 = -5*j + 4*j. Let l be (-10)/j*68/(-5). Calculate the greatest common divisor of l and 17.
17
Let u = -39 - -50. Calculate the greatest common factor of u and 88.
11
Suppose -4*y + 0*y = -216. Let q(j) = j**2 + 5*j - 8. Let a be q(-7). What is the highest common divisor of y and a?
6
Let o = 18 + -4. Suppose 4*f = -5*u + 6, 5*f + u - o = 4. Let c be f/(-6) + (-26)/(-3). Calculate the highest common factor of c and 1.
1
Let j(s) = s**3 + 9*s